**2 - 3*o - 21. Let q(a) = a**3 - 9*a**2 - 11*a - 5. Let m be q(10). Calculate the remainder when y(m) is divided by 16.
8
Suppose -4*u + 59 = -3*v, 15*v = 4*u + 19*v - 52. Let d be ((-3)/9*3)/(-1). Calculate the remainder when -2 + d - (-162 + -20) is divided by u.
13
Let i(s) be the second derivative of 2*s**5/5 - s**4/12 + s**3/3 + s**2/2 - 12*s. Let f be i(2). Let m = f - 43. Calculate the remainder when m is divided by 8.
6
Let l = 2787 + -2766. What is the remainder when 229 is divided by l?
19
Suppose 3394 = f - 712. What is the remainder when f is divided by 1367?
5
Let l be -3 + -1 + 3 - (-4 + 1). Suppose o = o - l*o. Suppose -4*a = t - 129, o = -4*a + 4 - 0. What is the remainder when t is divided by 14?
13
Let f = 73 - -83. Let r = f + -73. Calculate the remainder when r is divided by 21.
20
Suppose v - 3 = -l, 12*v - 10*v - l = 12. Let t(z) = 55*z - 206. Calculate the remainder when t(v) is divided by 35.
34
Suppose -3*g - k - 86 - 13 = 0, -3 = k. Let r = g - -35. Suppose 140 = l + r*l. Calculate the remainder when 173 is divided by l.
33
Calculate the remainder when -10*(-5)/(-25) - -16353 is divided by 34.
31
Let k(p) = 14*p**2 + 111*p + 221. What is the remainder when 1372 is divided by k(-2)?
52
Suppose 2*m = 2*a + 8, 2*m - 5 + 3 = -4*a. Suppose -o = -5*d - 362, 0 = 2*o - m*d + 5*d - 712. What is the remainder when o is divided by 60?
57
Suppose 3*b + 5*b - 1104 = 0. Suppose 0 = 2*k - b + 112. Calculate the remainder when 193 is divided by k.
11
Let g = 353 - 330. Suppose 2*k - 39 = g. Calculate the remainder when 88 is divided by k.
26
Suppose 28*l - 10269 = 2689 - 246. What is the remainder when l is divided by 13?
12
Suppose -51 + 23 = -7*b. Suppose 0 = -p + 1 + 2, 3*z + 3 = b*p. What is the remainder when 72 is divided by z?
0
Let i(f) = 26*f**2 + 514*f - 4093. What is the remainder when i(8) is divided by 114?
87
Suppose -5*i = 653 + 97. Let x = i - -498. Calculate the remainder when x is divided by 35.
33
Suppose -8*d - 2*h - 511 + 3289 = 0, 0 = -5*d + 4*h + 1689. What is the remainder when 1273 is divided by d?
238
Let w be ((-36)/(-48))/(7/(-4) + 2). Suppose m = 5*q, -28 = w*q + m + 4*m. Calculate the remainder when 22 is divided by (25 - 26)*((0 - 4) + q).
2
Suppose 2*j + j = 66. Suppose -5*g = -15*g + 70. Suppose 1131 - 1180 = -g*v. Calculate the remainder when j is divided by v.
1
Let l = -4056 + 4067. What is the remainder when 790 is divided by l?
9
Let d(h) = 51*h**3 - h**2 - 3*h + 3. Let t be ((-8)/((-8)/5))/5. What is the remainder when d(t) is divided by (140/(-30))/(1/(-3))?
8
Let u(m) = -491*m - 4798. Calculate the remainder when 153 is divided by u(-10).
41
Suppose -29 - 206 = 5*z. Let m = z + 50. Suppose -92 = -3*r - 2*n, m*n - 7*n = -5*r + 124. What is the remainder when 138 is divided by r?
26
Suppose -4*n + 72 = -0*h + 4*h, 0 = n - 3*h - 18. Calculate the remainder when 4/18 + 4406/n is divided by 13.
11
Suppose -5*f = -15 - 10. Let x = 1083 + -1079. Suppose f*d = x*q + 337, 30 = d - 4*q - 47. What is the remainder when d is divided by 35?
30
Let r be -2 + 6*4 - 4. Let g = 30 - r. Suppose 84 = -7*t + 19*t. What is the remainder when g is divided by t?
5
Let n = -3286 - -3312. What is the remainder when 362 - 1*(-4 + 5) is divided by n?
23
What is the remainder when 21*((-2490)/(-18) + 4) is divided by 23?
22
Calculate the remainder when (1381/3)/(3/48 + 1118/4128) is divided by 277.
273
Let z(b) = b**3 - 11*b**2 - b + 16. Let q be z(11). Suppose 0 = -9*m + q + 76. Suppose 0 = m*p - 7*p - 80. Calculate the remainder when p is divided by 15.
10
Let h = -2210 + 2895. What is the remainder when h is divided by 13?
9
Suppose -2*l + 3704 = 2*c, -4766 = -3*l + 5*c + 766. What is the remainder when l is divided by 53?
47
Suppose 5*r - 3*w = 15, 5*w + 5 = 2*r + 3*r. Suppose 142 = r*q - 134. What is the remainder when 87 is divided by q?
41
Let p(r) = -14*r + 3. Let l = -133 + 147. Let g(d) = -5*d + 87. Calculate the remainder when p(-7) is divided by g(l).
16
Suppose 50*y - 297 = 3253. Calculate the remainder when y is divided by 41.
30
Suppose 35 - 1 = 17*i. Suppose -2*l = l - 4*z - 31, 3*l - i*z = 41. Calculate the remainder when l is divided by 11.
6
Let j(t) = 19*t**2 - 7*t - 54. Let g(h) = 7*h**2 - 2*h - 18. Let m(r) = 11*g(r) - 4*j(r). Calculate the remainder when 37 is divided by m(-5).
11
Suppose 3*g = 9, n - 379 + 49 = -3*g. Calculate the remainder when n is divided by 37.
25
Suppose -68*y + 25*y + 34*y + 1035 = 0. Calculate the remainder when 1009 is divided by y.
89
What is the remainder when 5562 is divided by (1 + 209)*((-275)/22 + 13)?
102
Suppose -o + 153 - 162 = 0. What is the remainder when o/24 + (-1425)/(-24) is divided by 2?
1
Suppose -4*q + 12 + 4 = 0. Suppose -u = u + 10, u + 29 = q*c. What is the remainder when c/(-15) + 388/20 is divided by 11?
8
Let z = -283 - -156. Let u = -101 - z. Suppose -5*o - 4*h - 6 = -68, 50 = 3*o - 4*h. Calculate the remainder when u is divided by o.
12
Let f(n) = -155*n - 1. Let j(h) = -2*h**2 - h**2 - 6*h**3 - 2*h + 3*h + 7*h**3 + 31. Calculate the remainder when f(-1) is divided by j(0).
30
Let g(f) = -744*f + 1757. What is the remainder when g(-8) is divided by 11?
9
Let u = 68 + -55. Suppose 10*r + 135 = u*r. Suppose 44 = 2*k + 4*a, 2*a + a - 39 = -2*k. What is the remainder when r is divided by k?
9
Let q(o) = 19*o**2 + 283*o - 58. Calculate the remainder when q(-17) is divided by 4.
2
Suppose 4*i + 325 = 2*i + 3*n, 2*i = -2*n - 300. Let f = 167 + i. Suppose 3*l - 2 - 88 = 0. Calculate the remainder when l is divided by f.
6
Let j(m) be the first derivative of -7/2*m**2 - m**3 + 25 + 0*m - 1/4*m**4. What is the remainder when 82 is divided by j(-3)?
19
Let q be (1 - 685/(-30)) + 2/12. Calculate the remainder when 3*148/q - (-12)/(-8) is divided by 12.
5
Let d(v) = -35*v + 327. What is the remainder when 22 is divided by d(9)?
10
Let l(k) = -6*k + k + 10 + k + 3*k. Let r be l(8). Suppose -4*c + r*w = -216 + 58, -52 = -c + 3*w. What is the remainder when c is divided by 8?
5
Suppose 5*n + 772 = -12*n + 4631. What is the remainder when 430 is divided by n?
203
Suppose -5*f = -5*a + 180, 22*a - 23*a = -5*f - 12. What is the remainder when 2450 is divided by a?
14
Suppose -4*h + 0*h + 20 = 0. Suppose h*j - 452 = 48. Let b = -8718 - -8752. What is the remainder when j is divided by b?
32
Suppose -5*z + 316 = -4*f, z - 2*f - 62 = -0*z. Let l = z + -56. Suppose l*j = -0*j + 528. What is the remainder when j is divided by 12?
6
Let z(f) be the second derivative of -f**4/12 - 5*f**3 - 21*f**2 - 48*f. What is the remainder when z(-24) is divided by 36?
30
Suppose 14*l - 78 = 4*l + 22. Calculate the remainder when 4016 is divided by l.
6
Let y = -46212 + 52435. Calculate the remainder when y is divided by 249.
247
Calculate the remainder when (-8920)/(-48) + 1/6 is divided by 19.
15
Let z(d) = d**2 - 5*d + 6. Let b be z(7). Let m be (9/5)/(2/b). Let a = 40 - m. Calculate the remainder when 62 is divided by a.
18
Suppose y - 4*z = -12, -3*y - y - 12 = 2*z. Let k = y - -36. Calculate the remainder when 72 is divided by k.
8
Let z(t) = 2*t**3 + 39*t**2 + 6*t - 101. Calculate the remainder when z(-19) is divided by 65.
16
Let a = 605 - 600. Suppose -4*p + 4*i + 52 = -3*p, a*p + 4*i - 236 = 0. What is the remainder when 185 is divided by p?
41
Let d = -16266 + 16325. Calculate the remainder when 343 is divided by d.
48
Suppose 0 = 5*d - 8*d + 12, 3*v - 2075 = -5*d. Let x = v + -641. What is the remainder when x is divided by 38?
6
Let h(i) be the first derivative of -i**3/3 + 9*i**2/2 - 4*i + 18. What is the remainder when (-50)/25*(34/(-4) - 1) is divided by h(7)?
9
Let q(l) = 14 - 4*l**2 - 6*l + l**2 + 4*l**2. Let z be (-42)/(-18)*48/28. What is the remainder when 9 is divided by q(z)?
3
Suppose -18*p = -173*p + 20*p + 275130. Calculate the remainder when p is divided by 228.
214
Calculate the remainder when 222 is divided by 4179/45 + 48/360.
36
Let j(b) = 9*b**2 - 55*b - 255. What is the remainder when j(-8) is divided by 372?
17
Let s = 3 + 1. Let r be (15 - 11)*510/5. Suppose -r = -75*a + 63*a. What is the remainder when a is divided by s?
2
Let k(v) = -v - 16. Let w be k(-15). Let o be w - ((0 - -28) + -2). Let x = 40 + o. Calculate the remainder when x is divid